 the units digit of 1737?
7
What is the hundreds digit of 450?
4
What is the tens digit of 2865?
6
What is the hundreds digit of 206?
2
What is the ten thousands digit of 63315?
6
What is the tens digit of 21917?
1
What is the units digit of 2780?
0
What is the ten thousands digit of 73542?
7
What is the units digit of 2042?
2
What is the units digit of 151679?
9
What is the tens digit of 32618?
1
What is the units digit of 2328?
8
What is the thousands digit of 62438?
2
What is the thousands digit of 1097?
1
What is the hundreds digit of 2346?
3
What is the units digit of 38289?
9
What is the thousands digit of 20357?
0
What is the units digit of 28780?
0
What is the units digit of 10146?
6
What is the hundreds digit of 844?
8
What is the ten thousands digit of 19951?
1
What is the tens digit of 10415?
1
What is the hundreds digit of 12230?
2
What is the hundreds digit of 17400?
4
What is the units digit of 1455?
5
What is the hundreds digit of 5050?
0
What is the thousands digit of 30408?
0
What is the tens digit of 9831?
3
What is the ten thousands digit of 33242?
3
What is the hundreds digit of 7329?
3
What is the units digit of 129193?
3
What is the units digit of 8804?
4
What is the thousands digit of 1241?
1
What is the hundreds digit of 2927?
9
What is the units digit of 266?
6
What is the tens digit of 6708?
0
What is the ten thousands digit of 47159?
4
What is the ten thousands digit of 67555?
6
What is the hundreds digit of 1402?
4
What is the thousands digit of 2514?
2
What is the hundreds digit of 37043?
0
What is the ten thousands digit of 18810?
1
What is the units digit of 319?
9
What is the units digit of 2525?
5
What is the ten thousands digit of 33345?
3
What is the thousands digit of 8878?
8
What is the hundreds digit of 17304?
3
What is the units digit of 817?
7
What is the tens digit of 53317?
1
What is the hundreds digit of 781?
7
What is the tens digit of 11536?
3
What is the thousands digit of 65150?
5
What is the hundreds digit of 40058?
0
What is the hundreds digit of 1217?
2
What is the tens digit of 10780?
8
What is the units digit of 13688?
8
What is the tens digit of 1889?
8
What is the units digit of 95?
5
What is the thousands digit of 34347?
4
What is the tens digit of 17826?
2
What is the units digit of 2854?
4
What is the thousands digit of 3406?
3
What is the hundreds digit of 6610?
6
What is the units digit of 18744?
4
What is the hundreds digit of 2383?
3
What is the thousands digit of 50774?
0
What is the units digit of 133?
3
What is the thousands digit of 34494?
4
What is the ten thousands digit of 11919?
1
What is the ten thousands digit of 18023?
1
What is the tens digit of 334?
3
What is the tens digit of 28294?
9
What is the ten thousands digit of 13828?
1
What is the tens digit of 664?
6
What is the units digit of 6521?
1
What is the tens digit of 870?
7
What is the thousands digit of 38638?
8
What is the hundreds digit of 11654?
6
What is the thousands digit of 7355?
7
What is the tens digit of 1134?
3
What is the hundreds digit of 270?
2
What is the hundreds digit of 843?
8
What is the tens digit of 40667?
6
What is the hundreds digit of 42370?
3
What is the thousands digit of 23935?
3
What is the hundreds digit of 35153?
1
What is the hundreds digit of 3449?
4
What is the thousands digit of 43787?
3
What is the tens digit of 6516?
1
What is the thousands digit of 1121?
1
What is the units digit of 5923?
3
What is the hundreds digit of 9792?
7
What is the units digit of 37477?
7
What is the thousands digit of 24604?
4
What is the thousands digit of 31020?
1
What is the thousands digit of 3657?
3
What is the thousands digit of 3335?
3
What is the units digit of 67089?
9
What is the units digit of 3855?
5
What is the tens digit of 136700?
0
What is the units digit of 1089?
9
What is the tens digit of 13645?
4
What is the tens digit of 914?
1
What is the tens digit of 5287?
8
What is the units digit of 149212?
2
What is the units digit of 898?
8
What is the thousands digit of 40502?
0
What is the thousands digit of 1251?
1
What is the hundreds digit of 8898?
8
What is the hundreds digit of 4580?
5
What is the hundreds digit of 7707?
7
What is the hundreds digit of 1552?
5
What is the hundreds digit of 38641?
6
What is the tens digit of 26395?
9
What is the units digit of 12632?
2
What is the hundreds digit of 7367?
3
What is the tens digit of 307?
0
What is the thousands digit of 1092?
1
What is the hundreds digit of 16254?
2
What is the hundreds digit of 8684?
6
What is the tens digit of 1773?
7
What is the hundreds digit of 4660?
6
What is the tens digit of 8350?
5
What is the ten thousands digit of 10065?
1
What is the units digit of 75242?
2
What is the units digit of 8733?
3
What is the thousands digit of 82143?
2
What is the hundreds digit of 2534?
5
What is the tens digit of 4346?
4
What is the hundreds digit of 48417?
4
What is the hundreds digit of 5249?
2
What is the hundreds digit of 6280?
2
What is the thousands digit of 23310?
3
What is the units digit of 4245?
5
What is the ten thousands digit of 30960?
3
What is the units digit of 16490?
0
What is the thousands digit of 3232?
3
What is the thousands digit of 26458?
6
What is the thousands digit of 17176?
7
What is the hundreds digit of 7475?
4
What is the units digit of 3936?
6
What is the units digit of 154063?
3
What is the hundreds digit of 9934?
9
What is the thousands digit of 3630?
3
What is the units digit of 40415?
5
What is the tens digit of 1140?
4
What is the hundreds digit of 118933?
9
What is the hundreds digit of 3136?
1
What is the thousands digit of 27787?
7
What is the units digit of 875?
5
What is the tens digit of 6547?
4
What is the tens digit of 130427?
2
What is the thousands digit of 8292?
8
What is the tens digit of 24049?
4
What is the thousands digit of 1771?
1
What is the thousands digit of 3217?
3
What is the tens digit of 4264?
6
What is the units digit of 261?
1
What is the thousands digit of 96979?
6
What is the tens digit of 24724?
2
What is the tens digit of 2412?
1
What is the ten thousands digit of 17376?
1
What is the tens digit of 96580?
8
What is the tens digit of 2075?
7
What is the units digit of 251?
1
What is the units digit of 46017?
7
What is the units digit of 2543?
3
What is the tens digit of 3027?
2
What is the hundreds digit of 7641?
6
What is the units digit of 770?
0
What is the units digit of 466?
6
What is the thousands digit of 1345?
1
What is the tens digit of 1774?
7
What is the units digit of 863?
3
What is the thousands digit of 19247?
9
What is the tens digit of 2884?
8
What is the hundreds digit of 2697?
6
What is the hundreds digit of 1725?
7
What is the hundreds digit of 627?
6
What is the units digit of 53403?
3
What is the units digit of 228?
8
What is the hundreds digit of 1607?
6
What is the hundreds digit of 18829?
8
What is the hundreds digit of 763?
7
What is the tens digit of 24015?
1
What is the thousands digit of 87618?
7
What is the ten thousands digit of 19261?
1
What is the units digit of 653?
3
What is the hundreds digit of 157?
1
What is the tens digit of 40583?
8
What is the hundreds digit of 29226?
2
What is the tens digit of 73760?
6
What is the hundreds digit of 137594?
5
What is the ten thousands digit of 40241?
4
What is the units digit of 9000?
0
What is the units digit of 2002?
2
What is the units digit of 7696?
6
What is the units digit of 178?
8
What is the thousands digit of 5305?
5
What is the tens digit of 40474?
7
What is the hundreds digit of 99637?
6
What is the tens digit of 223?
2
What is the thousands digit of 48211?
8
What is the hundreds digit of 31659?
6
What is the thousands digit of 74935?
4
What is the tens digit of 38974?
7
What is the hundreds digit of 1340?
3
What is the thousands digit of 5815?
5
What is the hundreds digit of 82978?
9
What is the ten thousands digit of 21114?
2
What is the units digit of 7953?
3
What is the thousands digit of 18143?
8
What is the units digit of 3005?
5
What is the hundreds digit of 223?
2
What is the units digit of 10071?
1
What is the tens digit of 54094?
9
What is the tens digit of 1570?
7
What is the units digit of 3089?
9
What is the hundreds digit of 1604?
6
What is the tens digit of 219